 of n.
3, 7
Let p(n) = n**3 - 24*n**2 + 23*n + 9. Let y be p(23). Let g(w) = 2*w**2 - 8*w - 7. What are the prime factors of g(y)?
83
Suppose -5*n - 4*l + 5 = l, 0 = -3*n + 3*l - 3. Suppose 3*z - 4*f - 14 = n, -4*z - 3*f - 2 = 2*f. Suppose z*i - 9 + 3 = 0. What are the prime factors of i?
3
Suppose 4*m - 4*u = -20 + 52, -5*m = u - 70. Let p = 278 - 137. Suppose 4*l - p = -m. What are the prime factors of l?
2
Let y(a) = -a. Let m(s) = -1. Let o(x) = 3*m(x) - 4*y(x). Let k be o(2). Suppose -3*h = -k*p - 73, 5*h - h - 59 = -p. What are the prime factors of h?
2
Let p = -180 + 363. List the prime factors of p.
3, 61
Let l = -34 + 30. Let m be (-2)/(4*2/l). Let q(h) = 40*h - 3. List the prime factors of q(m).
37
Let v(q) = 436*q**3 + q**2 - 3*q + 5. List the prime factors of v(1).
439
Let m be (-1)/(2 + 1 + -2). What are the prime factors of (-3 - 103/(-2))*(1 - m)?
97
Suppose 5*i - 2*u - 2*u = 6, -2*i + 5*u = 1. Suppose 397 - 52 = 5*r + i*q, 226 = 3*r + 5*q. List the prime factors of r.
67
Let f(a) = 3*a + 26. Suppose -29 = -4*c - 141. Let d = c - -20. List the prime factors of f(d).
2
Let l = 13 - 89. Let d = 58 - l. List the prime factors of d.
2, 67
Let a(h) = h**3 - 29*h**2 + 41*h + 106. List the prime factors of a(31).
3299
Let p be 4/14 - 450/(-42). Suppose -2*c = -2*f - 28, 0 = 3*c + 3*f - 35 + p. Suppose -c = d - 51. List the prime factors of d.
2, 5
Suppose -6 = -2*s + 1220. List the prime factors of s.
613
Let g(b) = -2*b**2 + 4*b - 3. Let h be g(2). Let f = h - -6. Suppose -f*v + 3 = -3. List the prime factors of v.
2
Let l be (-2)/9 - 2010/(-54). What are the prime factors of l - (1 + (9/3)/(-3))?
37
Let k = -2043 - -3375. List the prime factors of k.
2, 3, 37
Suppose -k - 2*k = -6. Let p(l) = -4*l**3 - 2*l**2 + 1. Let q be p(k). Let j = 76 + q. What are the prime factors of j?
37
Suppose -c = -16*f + 15*f + 65, 0 = 2*c - 6. What are the prime factors of f?
2, 17
Suppose 2*s = -2*o + 9716, 3*s + 20217 = 4*o + 785. What are the prime factors of o?
2, 7, 347
Let z(j) = -91*j + 17. What are the prime factors of z(-8)?
5, 149
Suppose 9*q - 7723 + 2719 = 0. List the prime factors of q.
2, 139
Let t(k) be the third derivative of 65*k**4/24 + 7*k**2. What are the prime factors of t(1)?
5, 13
List the prime factors of 1*564 - (-7 - -6).
5, 113
Let y = 97 - 77. Let q(f) = -f**2 - 7*f + 2. Let x be q(-6). Suppose 10*b = x*b + y. List the prime factors of b.
2, 5
List the prime factors of 6/18*3738 + 0 + 0.
2, 7, 89
Let l be 6/39 - ((-83064)/39 - 0). Suppose 16*k - l = 158. List the prime factors of k.
11, 13
Suppose 4*w + 5*m - 267 = 0, -5*w + 287 = -w + m. Suppose 6*s + 0*s - 30 = 0. Suppose -2*j + 2*p = -5*j + w, 155 = s*j - 5*p. List the prime factors of j.
3
Let w be ((-1)/2)/((-14)/28). Let a = w - -127. List the prime factors of a.
2
Let q(g) = 33*g - 4*g**2 + 3*g**2 - 22*g + 4. Suppose 3*o = 4*h + 23, -o = -h - 8 - 0. List the prime factors of q(o).
2, 11
Let q = -22 - -23. List the prime factors of ((-1440)/(-50))/(q/5).
2, 3
Suppose -2*h = 4*p + 188, h + 36 = 2*p - 46. What are the prime factors of 5 - 4 - h - 2?
3, 29
Let a(b) = 13*b + 66. Suppose -h = -2*p + 3*p - 17, 3*h = 3. List the prime factors of a(p).
2, 137
Suppose -1490*h = -1475*h - 21945. List the prime factors of h.
7, 11, 19
Suppose -5*l + 10569 = -3*z, -32*l + 10585 = -27*l + 5*z. List the prime factors of l.
3, 5, 47
Let k be ((-3)/6)/(3/(-12)). Suppose 65 = k*b - 23. Let o = 72 - b. What are the prime factors of o?
2, 7
Suppose -4*v = c - 19, 3*c = -5*v + 20 + 2. Suppose 0 = -3*r + 4*l + 200, -6*l + 100 = 2*r - 2*l. Suppose 0*i - r = -v*i. What are the prime factors of i?
2, 3
List the prime factors of ((-145)/(-4))/(4 + (-31)/8).
2, 5, 29
Suppose -w - 155 = -3*l - l, 0 = -3*l - 5*w + 145. Suppose -5*s + 77 = -4*r - 38, -2*r + 115 = 5*s. Let j = l - s. List the prime factors of j.
17
Let t be 0/(2/2*1). Let j(r) = 8*r - 88. Let d be j(11). Suppose -3*n + 5*k = -25, -5*n - 2*k + d*k + 21 = t. What are the prime factors of n?
5
Suppose -17*n + 125328 = 31*n. What are the prime factors of n?
7, 373
Suppose -29*l + 22*l + 2471 = 0. List the prime factors of l.
353
Let g(p) = 3*p - 4*p**3 - 2*p - 15*p**2 + 2*p**3 - 1 + 0. What are the prime factors of g(-8)?
5, 11
Let z(f) = 61*f + 273. What are the prime factors of z(18)?
3, 457
Let s = 6917 + -4654. List the prime factors of s.
31, 73
Let t = -15 + 20. Suppose -3*m + 0*c - 3 = -2*c, -t*m + 8 = c. Let f(y) = 40*y**3 - 2*y + 1. What are the prime factors of f(m)?
3, 13
Suppose 2*k - 7*k + 185 = -5*r, 4*k = -r - 17. List the prime factors of (r/12)/((-6)/336).
2, 7, 11
Let g(w) = 27 - 4*w**3 - 23 + 3*w**3 + 13*w**2. Let s be g(13). Suppose -b - 2*d = -s*b + 5, 0 = 3*b + d - 20. List the prime factors of b.
5
Let p(g) = -18*g. Suppose 0 = 5*f + 11 + 9. List the prime factors of p(f).
2, 3
Suppose 3*u - 2458 = 2*g + 3*g, -2*u - 4*g = -1668. Suppose -u = -5*x + 1139. Suppose 2*r - 108 = -5*f, 5*r - 5*f - x = -123. List the prime factors of r.
2, 3
Let m(f) = -2*f**3 + 15*f**2 + 2*f + 6. Let l be m(7). Suppose -228 = -3*j + 4*u, -j + 2*u + l = 3*u. List the prime factors of j.
2, 3
Let a(b) = -2*b**3 - 3*b**2 + 5*b + 4. List the prime factors of a(-6).
2, 149
Let s = 2377 + -2061. List the prime factors of s.
2, 79
Let w(t) = t**3 + 8*t**2 - 7*t + 9. Let b(h) = h**2 - h + 1. Let s(m) = 3*b(m) - w(m). List the prime factors of s(-6).
2, 3
Let x(v) be the third derivative of v**5/30 + 13*v**4/24 - v**3/2 + 22*v**2. What are the prime factors of x(7)?
2, 3, 31
Let k(i) be the second derivative of i - i**2 + 0 + 4/3*i**3. What are the prime factors of k(2)?
2, 7
Let q(b) = b**3 - 7*b**2 - 3*b + 3. Let d be q(7). Let g = d - -21. Suppose 6 = a + g. List the prime factors of a.
3
Suppose 3*f - 9*f = -336. Suppose -22*a = -24*a + f. List the prime factors of a.
2, 7
What are the prime factors of 2/(0 - (-1)/251)?
2, 251
Let j(z) = 3*z - 11. Let s be j(7). Suppose s*p - 595 = 3*p. What are the prime factors of p?
5, 17
Suppose 14*t - 4*t = 6320. List the prime factors of t.
2, 79
Let j be 0/(9 - 4) + 5. Suppose -4*r + 4*s = r - 116, 0 = j*s - 5. List the prime factors of r.
2, 3
Let u be 1*4 + -18 + 386. Suppose 0 = t + 91 - u. List the prime factors of t.
281
Let d = 291 - 136. What are the prime factors of d?
5, 31
Suppose -j + 9 = -25. Let v = 66 - j. What are the prime factors of v?
2
Suppose -3*d + b + 542 = 0, -21*d + 176 = -20*d - 5*b. List the prime factors of d.
181
Suppose 4*s - 20 = t + 4*t, -2*s + 4*t = -10. Suppose 2*u = 5*i - 563, -4*u - 1 = -s*u. What are the prime factors of i?
113
What are the prime factors of 12 + -13 - (-1267 + 5)?
13, 97
Suppose 2*d - 6 = 5*i, 0 = 5*i - 4*i + 3*d - 9. Suppose p + 4 - 28 = i. Suppose 2*c - p = 14. List the prime factors of c.
19
Suppose 0 = -2*u + 350 + 1300. What are the prime factors of u?
3, 5, 11
Let c(p) = 7*p - 63. Suppose -3*r = -r - 54. List the prime factors of c(r).
2, 3, 7
Suppose f - 153 - 426 = 0. What are the prime factors of f?
3, 193
Let a be 82*(18/(-15))/(4/15). Let u = -228 - a. List the prime factors of u.
3, 47
Let s = 280 + -219. List the prime factors of s.
61
What are the prime factors of (372947/745)/((-1)/(-5))?
2503
Suppose -5*w + 11 - 1 = 0. Suppose w*p - 144 - 102 = 0. List the prime factors of p.
3, 41
Let m(s) be the third derivative of 0*s + 0 - 1/8*s**4 - 6*s**2 - 23/6*s**3. What are the prime factors of m(-10)?
7
Let w be 25/5 + -4 + 1. Let b = 28 + w. List the prime factors of b.
2, 3, 5
Suppose 38*b - 30 = 43*b. Let q = b - -16. List the prime factors of (15/q)/(3/160).
2, 5
Suppose -3*r = 0, 5*x = -0*x + r. Suppose -3*m - 5*d + 124 = x, -170 = -5*m - 0*d - d. List the prime factors of m.
3, 11
Suppose -2*x + 26 = 4*f, 9*f - 4*f - x = 15. Suppose -f*k + 7*k = 240. List the prime factors of k.
2, 5
Suppose 3*z = -2*n + 734, z - 1793 = -5*n + 4*z. List the prime factors of n.
19
What are the prime factors of -1 - 2 - (-15 - 2203)?
5, 443
Let q(a) = -a**3 - 6*a**2 - a - 1. Let m be q(-6). Suppose -s + 148 = 2*y, -3*s = -m*s + 8. List the prime factors of y.
2, 3
Suppose -116*c = -120*c + 8. List the prime factors of ((-3)/c)/((-6)/232).
2, 29
Let h(z) = -3*z - 21. Suppose 5*o - 3*o + 2 = 0, g + 9 = -o. What are the prime factors of h(g)?
3
Let f 